ue of 2 + 6 + -3 - 4?
1
-13 - (-14 + 5 + -4)
0
(-2 + -1 - -3 - 0) + -1
-1
Evaluate -4 - -3 - -5 - (-1 + 2).
3
What is 10 + (12 + -15 - 1)?
6
Evaluate 41 - 35 - (0 - -11).
-5
Evaluate (-4 + -1 - -7) + 1 + 8.
11
Calculate -3 + 0 - (0 + -6 + 6).
-3
11 + (14 - 13) + -15
-3
What is 1 - 7 - -3 - -3?
0
Evaluate 1 + -1 - (1 + 0 - 2).
1
What is (17 - (4 - -8)) + 1 + -1?
5
Calculate -4 + (5 - 1 - (-5 + 7)).
-2
Evaluate (-1 - -1) + 4 + (-27 - -29).
6
Calculate 11 - 4 - (3 - -8).
-4
What is the value of -1 - -4 - (4 - 4) - 4?
-1
Evaluate 3 - (-4 + (10 - 7)) - -4.
8
(6 - (-6 + 11)) + -12
-11
Calculate (4 - 1) + (-15 - -13).
1
(5 - -2) + (8 - 1) + -6
8
Evaluate (1 - (2 - -3)) + 4.
0
What is the value of (-23 - -29 - (-2 - -7)) + -6?
-5
Evaluate 11 + -12 - (3 + 1) - 0.
-5
Calculate 2 - 11 - (0 + -5).
-4
What is -3 - (-4 + 11 + -5)?
-5
Calculate 2 + -1 + (-28 - -20).
-7
-7 + (1 + 0 + 4 - 2)
-4
What is the value of (1 - 3) + 0 + 1?
-1
What is -3 - (-17 + 21 + -9 + -1)?
3
What is the value of -1 + 8 + -4 + -8?
-5
-6 - (2 + 2 + -6)
-4
Calculate (1 - -4) + -3 + -1 + -6.
-5
What is the value of (-4 - -3) + 1 + (9 - 4)?
5
What is -6 - (4 + -6) - 1 - -3?
-2
4 + (-6 - (-2 + 1 - -2))
-3
Evaluate 1 - (-9 + -1 + 6).
5
4 + 4 + -8 + 5
5
Evaluate (11 - 12) + (6 - (-2 + 2)).
5
What is the value of -2 - 0 - (-3 + 0 + -4)?
5
Calculate 4 + (-5 - (-3 + 6 - 5)).
1
What is the value of (1 - 1) + (-1 - (-8 - -9))?
-2
What is the value of -115 + 112 - (0 + 3)?
-6
1 + (0 + -2 - 0 - -6)
5
Evaluate (-7 + 2 - -3) + 6 - 5.
-1
Calculate -6 + -5 + (-5 - 1 - -8).
-9
What is the value of 3 - 16 - (3 + -7 - 3)?
-6
What is 3 + (5 - (-3 + 1 - -3))?
7
Evaluate -2 + (-3 - (4 + -4)) - 0.
-5
What is the value of (2 - 0) + -5 + 4?
1
What is the value of 1 - (2 + 0) - (-4 + -1)?
4
Calculate 30 + -19 + (-3 - 2) - 14.
-8
Evaluate (-6 + -1 + 3 - -4) + -7.
-7
What is the value of 0 - (-4 + 6 - (-2 + 11))?
7
What is -4 - (-1 + -10 + (-44 - -47))?
4
What is -7 + 10 - (5 - -2)?
-4
What is -5 + 2 - -4 - (-3 - -1)?
3
Evaluate 22 + -12 + -2 + -3.
5
Evaluate -5 + -10 + (11 - -13).
9
What is 0 - (1 - 9) - (16 + -12)?
4
Calculate 38 + -46 - (-16 + 1).
7
Calculate -28 + 20 + 12 + -2.
2
Evaluate 5 + (-12 - -6) + -2.
-3
-6 - (-5 - 0) - 2
-3
Evaluate (0 - 6) + 1 - -4.
-1
Calculate 1 + (-2 + (2 - 1) - 3).
-3
What is the value of (-102 - -113) + (0 - 5)?
6
(2 + -2 - 3) + (0 - 2)
-5
What is 7 - (3 - 6 - -11)?
-1
What is 3 + -3 + 4 + -20 + 17?
1
What is (-5 + -6 - -1) + 15?
5
Evaluate 0 + (-2 - (-8 - -3)).
3
What is the value of (9 - 13) + (1 - (0 + 3))?
-6
Calculate -1 + 1 - (-90 + 90).
0
-7 - -3 - (2 + -9) - 4
-1
-6 - (-1 + -4 + 4)
-5
Calculate 5 + 6 + 6 + -9.
8
2 - (1 - 2) - 8
-5
Calculate 1 + -8 - (-13 + 1).
5
Evaluate (0 + 2 - 6) + -9 + 8.
-5
What is (-1 - 3) + (-8 - -15) + -7?
-4
Calculate (-11 + 2 - (9 - 14)) + 6.
2
What is the value of 0 - (4 + 2 + -7)?
1
Calculate 2 + -2 - (-13 + 16).
-3
Calculate 0 + 2 + 2 - (-13 + 13).
4
Evaluate -1 - -2 - 1 - 2.
-2
Calculate (1 + -1 - 2) + 96 + -103.
-9
Evaluate -13 + 9 - -2 - (1 + 0).
-3
Calculate 8 + -3 - (2 - 4 - -8).
-1
Calculate 1 - 3 - (56 - 54).
-4
Calculate -7 + (1 - -2) + -1.
-5
What is the value of -11 - (1 - (12 - 8))?
-8
What is the value of (0 - 3) + (0 - -6)?
3
What is -27 + 23 - (-8 - (-2 + 3))?
5
What is -4 + 7 - 1 - -1?
3
Evaluate -8 + -7 + 7 + 6.
-2
6 - (-5 - (6 - 17))
0
Calculate 3 + (5 - 3) + 2 + -6.
1
Calculate (0 - -4 - 4) + -3.
-3
What is the value of -4 - (0 - (-1 - 0)) - -2?
-3
What is the value of -2 - 1 - (10 - 13)?
0
What is (1 - 6) + (-9 - -6) + 3?
-5
What is the value of -2 + 4 + -5 + (-4 - -6)?
-1
Calculate -19 + 22 + -3 + 1 + 1.
2
Evaluate 1 + 7 + -8 - -5.
5
Calculate 16 + -18 - (1 - -1 - 1).
-3
What is -2 + 4 + 1 + -1?
2
Evaluate 1 + (2 - (3 - -4)).
-4
What is the value of (-2 - (6 + -14)) + -1?
5
2 + -5 - (0 - 2)
-1
What is the value of 2 + 4 + -10 + 5?
1
Evaluate (5 - 8) + 9 + -2.
4
Evaluate -4 - (15 - 4 - 6).
-9
What is 1 - (6 + -6 - 0 - 2)?
3
What is the value of (0 - 2) + 0 + 10?
8
What is the value of 1 + (4 - (1 - (0 - 1)))?
3
What is -1 + 8 + (4 - 7)?
4
Calculate 3 + (1 - (-6 - -7)).
3
What is 0 + (-5 + 11 + 1 - -1)?
8
-5 - (0 + (6 - 0) + -5)
-6
What is 3 + (1 - (2 + -2)) - 4?
0
Evaluate 6 + 1 + -2 + -2 + -2.
1
Evaluate (1 - 7) + (-102 - -103).
-5
Evaluate (-3 - 0) + (-22 - -24).
-1
Calculate 12 + -4 + -1 + -14.
-7
-2 + 1 - (3 + 0 + -9)
5
Calculate -7 + (-5 - -12) + 5.
5
What is -4 + 1 - -1 - (0 - 5)?
3
5 - 0 - (32 - 28)
1
Evaluate -4 + (3 + 3 + -3 - 2).
-3
1 - (-3 - (4 + -12)) - -4
0
What is -2 - (5 + (-9 - (2 + -2)))?
2
What is the value of -2 + (0 - (-3 + -1))?
2
What is (-15 - (0 + -9)) + (1 - -1)?
-4
Evaluate 15 + (10 - (-4 - -23)).
6
What is the value of (226 - 228) + (0 - -10) + 0?
8
Calculate -6 + -1 + 1 + -3 + 6.
-3
Evaluate 4 - (-3 - (-1 + -9 - 1)).
-4
What is (-1 - 3) + -4 + 5?
-3
Calculate -3 - -5 - (2 + -4 + -1).
5
-7 - -8 - 15 - -9
-5
What is the value of (22 + -13 - 2) + -17?
-10
What is the value of (-1 - (-2 - -2)) + -1?
-2
What is -4 - -4 - 7 - -2 - -11?
6
Evaluate (13 - 6) + -6 - (-7 + 4).
4
What is the value of (2 - 4) + 2 - (5 + -7)?
2
(7 - -1) + (5 - 6)
7
What is the value of -2 + 0 + -2 + 1 + 1?
-2
Calculate (7 - 9) + 3 + 0.
1
What is (-10 - -11) + 1 + (-2 - -7)?
7
What is 0 + -6 + 20 + -8 - -1?
7
What is -9 + (-13 - -6) + 14?
-2
What is 0 - (4 - (-6 + 6) - 4)?
0
-7 - (-5 + 0 - 1) - -1
0
-7 - (-14 + 8 - 1)
0
Evaluate -4 + 4 + -3 + 4 - 4.
-3
-1 + 0 + 0 - -2
1
-5 - (-2 + (-4 - -2))
-1
What is the value of -86 + 85 - (1 - 2 - -5)?
-5
Evaluate 4 + -2 - (7 + -3 + -2).
0
269 - 275 - (-2 + 1)
-5
Calculate (-2 - (-2 - -2)) + 3 + 0.
1
Calculate -17 - -17 - (-2 + 2 + 7).
-7
Evaluate 1 - (-9 + 8 + -2).
4
Evaluate (20 - 21) + (7 - (0 - -2)).
4
Evaluate 48 - 43 - (1 + 0).
4
What is the value of 15 - 13 - 8 - (0 + -5)?
-1
What is 4 + -4 + -2 + 0 + 6?
4
Calculate (10 - 0) + -3 - 14.
-7
-10 + 2 + (-5 - -9)
-4
Evaluate -5 - -5 - (-1 - 1) - -2.
4
Calculate 0 + -5 + 0 - -7.
2
Evaluate 1 - -2 - (-1 - -9).
-5
Calculate 23 + -14 + 0 + -6.
3
(1 - 6) + (15 + -2 - 0)
8
-3 + 5 + -1 - -4
5
What is 12 - -1 - 21 - -18?
10
Calculate 0 + -4 + -4 + 4.
-4
What is 0 - 7 - -2 - (2 + -5)?
-2
What is the value of 7 + -8 + (-4 - -7)?
2
Calculate -2 + 3 + -7 + (173 - 173).
-6
Evaluate 2 - (6 + -4) - (-6 + 5).
1
9 - -1 - (-15 - (-1 - 18))
6
Evaluate 3 + (2 - ((3 - -1) + -1)).
2
-48 + 37 + (10 - 2)
-3
What is the value of (8 - -3) + (3 - (11 - 4))?
7
1 + 4 + (-37 - -36)
4
Evaluate -45 + 48 - (-1 + -1).
5
What is 5 - (4 - (-3 - -6)) - 5?
-1
-5 - 2 - -2 - -2
-3
What is the value of -1 + -13 - (-125 - -116)?
-5
-3 - (3 + -2) - (-18 - -7)
7
-3 - -1 - (0 + (2 - 3))
-1
-8 + 3 + 4 + 0 - -2
1
Evaluate -3 - -4 - (-3 - 3).
7
What is 11 - (3 - -4 - 0)?
4
What is -67 - -70 - (0 + -1 + 0)?
4
2 - 1 - (6 - 2)
-3
What is 0 + -1 - (-6 - -1 - -8)?
-4
1 + -1 + -27 + (20 - -6)
-1
What is 1 - (-8 + (-7 - -16))?
0
Calculate -8 + -3 + (-1 + 8 - 3).
-7
Evaluate 11 + (1 - -1 - 9).
4
2 - 2 - (0 + 4 + -1)
-3
What is -17 + 18 + -1 + 4 - 3?
1
Calculate 47 + -48 + 5 + -1.
3
What is (3 - 2 - 3) + 3 + 4?
5
Calculate 0 - (-5 - (-4 + (5 - 2))).
4
Calculate -3 + -10 + 12 - -8.
7
What is the value of 2 + -11 - (12 - 1 - 14)?
-6
Evaluate -4 + (-8 - -8) - -8.
4
What is -30 + 30 - (-1 + -6)?
7
What is (9 - 15) + -3 + 1?
-8
What is 6 + -6 - (0 - 5)?
5
Calculate 13 - (45 + -46 - (1 + -7)).
8
Evaluate 1 + (3 - 6 - -4) + 1.
3
Calculate -7 + 3 + 0 + 4.
0
Calculate 66 + -73 + -1 + 9.
1
Calculate -7 + 10 - 3 - -4.
4
What is the value of (6 - 3) + -2 + 3 + -5?
-1
Calculate 10 + (-1 - -4) + -8 + 0.
5
What is the value of -1 + (-5 + -6 - -8 - 3)?
-7
Calculate 9 - (4 + 2) - 4.
-1
What is -5 - (4 + -9 - -4)?
-4
-1 - (-4 + 6 - -3)
-6
What is the value of 3 + -1 + (0 - -3 - 4)?
1
Calculate (-1 - -10) + 35 + -39.
5
Calculate (2 + 4 - 6) + -1.
-1
What is -24 + 16 + 1 + 4?
-3
What is (14 - 12) + (1 - 4) + -1?
-2
Calculate 3 + (-4 - (1 - 5)) - 2.
1
Calculate 1 - ((4 - 5 - 2) + 4).
0
Calculate (5 - (-6 + 6)) + -7 + 1.
-1
Calculate -3 + 5 + -4 + -22 + 21.
-3
What is -4 + 2 + (4 - (-18 - -14))?
6
Evaluate -6 - ((-6 - -10) + (1 - 6)).
-5
-11 + 19 + -4 + 0 + 5
9
What is -2 + 12 - (-1 + 15)?
-4
Calculate (-2 + 2 - 3 - -4) + -2.
-1
33 + -34 + (3 - 1)
1
What is the value of 35 + -28 - ((2 - -1) + 0)?
4
-10 - (1